{"id":1461,"date":"2020-05-15T20:09:46","date_gmt":"2020-05-15T18:09:46","guid":{"rendered":"https:\/\/prozessegewinnen.de\/?page_id=1461"},"modified":"2020-10-16T22:46:20","modified_gmt":"2020-10-16T20:46:20","slug":"kostenhilfe","status":"publish","type":"page","link":"https:\/\/prozessegewinnen.de\/?page_id=1461","title":{"rendered":"Kostenhilfe"},"content":{"rendered":"\t\t<div data-elementor-type=\"wp-page\" data-elementor-id=\"1461\" class=\"elementor elementor-1461\" data-elementor-settings=\"[]\">\n\t\t\t\t\t\t<div class=\"elementor-inner\">\n\t\t\t\t\t\t\t<div class=\"elementor-section-wrap\">\n\t\t\t\t\t\t\t<section data-particle_enable=\"false\" data-particle-mobile-disabled=\"false\" class=\"elementor-section elementor-top-section elementor-element elementor-element-7f73fb2 elementor-section-boxed elementor-section-height-default elementor-section-height-default\" data-id=\"7f73fb2\" data-element_type=\"section\" data-settings=\"{&quot;background_background&quot;:&quot;classic&quot;}\">\n\t\t\t\t\t\t\t<div class=\"elementor-background-overlay\"><\/div>\n\t\t\t\t\t\t\t<div class=\"elementor-container elementor-column-gap-default\">\n\t\t\t\t\t\t\t<div class=\"elementor-row\">\n\t\t\t\t\t<div class=\"elementor-column elementor-col-100 elementor-top-column elementor-element elementor-element-b30d4f2\" data-id=\"b30d4f2\" data-element_type=\"column\">\n\t\t\t<div class=\"elementor-column-wrap elementor-element-populated\">\n\t\t\t\t\t\t\t<div class=\"elementor-widget-wrap\">\n\t\t\t\t\t\t<div class=\"elementor-element elementor-element-737bfa2 elementor-widget__width-auto elementor-widget elementor-widget-heading\" data-id=\"737bfa2\" data-element_type=\"widget\" data-widget_type=\"heading.default\">\n\t\t\t\t<div class=\"elementor-widget-container\">\n\t\t\t<h3 class=\"elementor-heading-title elementor-size-default\">Kosten zu hoch? Was jetzt?<\/h3>\t\t<\/div>\n\t\t\t\t<\/div>\n\t\t\t\t<div class=\"elementor-element elementor-element-ae2e1ca elementor-widget elementor-widget-text-editor\" data-id=\"ae2e1ca\" data-element_type=\"widget\" data-widget_type=\"text-editor.default\">\n\t\t\t\t<div class=\"elementor-widget-container\">\n\t\t\t\t\t<div class=\"elementor-text-editor elementor-clearfix\"><p>Prozesskostenrisiko senken!<\/p><\/div>\n\t\t\t\t<\/div>\n\t\t\t\t<\/div>\n\t\t\t\t<div class=\"elementor-element elementor-element-7d895b7 elementor-widget elementor-widget-spacer\" data-id=\"7d895b7\" data-element_type=\"widget\" data-widget_type=\"spacer.default\">\n\t\t\t\t<div class=\"elementor-widget-container\">\n\t\t\t\t\t<div class=\"elementor-spacer\">\n\t\t\t<div class=\"elementor-spacer-inner\"><\/div>\n\t\t<\/div>\n\t\t\t\t<\/div>\n\t\t\t\t<\/div>\n\t\t\t\t\t\t<\/div>\n\t\t\t\t\t<\/div>\n\t\t<\/div>\n\t\t\t\t\t\t\t\t<\/div>\n\t\t\t\t\t<\/div>\n\t\t<\/section>\n\t\t\t\t<section data-particle_enable=\"false\" data-particle-mobile-disabled=\"false\" class=\"elementor-section elementor-top-section elementor-element elementor-element-1e2250c elementor-section-boxed elementor-section-height-default elementor-section-height-default\" data-id=\"1e2250c\" data-element_type=\"section\">\n\t\t\t\t\t\t<div class=\"elementor-container elementor-column-gap-default\">\n\t\t\t\t\t\t\t<div class=\"elementor-row\">\n\t\t\t\t\t<div class=\"elementor-column elementor-col-100 elementor-top-column elementor-element elementor-element-b859051\" data-id=\"b859051\" data-element_type=\"column\">\n\t\t\t<div class=\"elementor-column-wrap elementor-element-populated\">\n\t\t\t\t\t\t\t<div class=\"elementor-widget-wrap\">\n\t\t\t\t\t\t<div class=\"elementor-element elementor-element-5f221bf elementor-widget elementor-widget-text-editor\" data-id=\"5f221bf\" data-element_type=\"widget\" data-widget_type=\"text-editor.default\">\n\t\t\t\t<div class=\"elementor-widget-container\">\n\t\t\t\t\t<div class=\"elementor-text-editor elementor-clearfix\"><p>Wohl dem, der jemand hat oder findet, der ihm das Kostenrisiko der rechtlichen Beratung und Vertretung und des gerichtlichen Verfahrens abnimmt.\u00a0Auch wer noch so sicher ist, rechtlichen Erfolg zu haben, wird immer mit einem Restrisiko leben m\u00fcssen, dass am Ende der bereits erstandene Schaden durch vergeblich aufgewendete Kosten noch erweitert wird.<\/p><p>F\u00fcr viele ist die Einholung einer anwaltlichen Beratung oder die Durchf\u00fchrung eines gerichtlichen Verfahrens vielleicht auch schon deswegen nicht m\u00f6glich, weil sie die entsprechenden Kostenvorsch\u00fcsse hierf\u00fcr nicht aufbringen k\u00f6nnen.<\/p><p>F\u00fcr solche Situationen gibt es aber durchaus auch L\u00f6sungen. Am besten Sie waren schon vorausschauend t\u00e4tig und haben eine Rechtsschutzversicherung abgeschlossen, die Ihr Kostenrisiko \u00fcbernimmt. Nach Deckungszusage k\u00f6nnen Sie unbesorgt ihre rechtlichen Interessen wahren.<\/p><\/div>\n\t\t\t\t<\/div>\n\t\t\t\t<\/div>\n\t\t\t\t\t\t<\/div>\n\t\t\t\t\t<\/div>\n\t\t<\/div>\n\t\t\t\t\t\t\t\t<\/div>\n\t\t\t\t\t<\/div>\n\t\t<\/section>\n\t\t\t\t<section data-particle_enable=\"false\" data-particle-mobile-disabled=\"false\" class=\"elementor-section elementor-top-section elementor-element elementor-element-b8cd6b9 elementor-section-boxed elementor-section-height-default elementor-section-height-default\" data-id=\"b8cd6b9\" data-element_type=\"section\" data-settings=\"{&quot;background_background&quot;:&quot;classic&quot;}\">\n\t\t\t\t\t\t\t<div class=\"elementor-background-overlay\"><\/div>\n\t\t\t\t\t\t\t<div class=\"elementor-container elementor-column-gap-default\">\n\t\t\t\t\t\t\t<div class=\"elementor-row\">\n\t\t\t\t\t<div class=\"elementor-column elementor-col-100 elementor-top-column elementor-element elementor-element-18f012a\" data-id=\"18f012a\" data-element_type=\"column\">\n\t\t\t<div class=\"elementor-column-wrap elementor-element-populated\">\n\t\t\t\t\t\t\t<div class=\"elementor-widget-wrap\">\n\t\t\t\t\t\t<div class=\"elementor-element elementor-element-538cf6f elementor-widget elementor-widget-eael-feature-list\" data-id=\"538cf6f\" data-element_type=\"widget\" data-widget_type=\"eael-feature-list.default\">\n\t\t\t\t<div class=\"elementor-widget-container\">\n\t\t\t\t\t<div class=\"-icon-position-left -tablet-icon-position-left -mobile-icon-position-left\">\n\t\t\t<ul id=\"eael-feature-list-538cf6f\" class=\"eael-feature-list-items circle stacked connector-type-modern\">\n\t\t\t\t\t\t\t\t\t\t\t\t\t                <li class=\"eael-feature-list-item\">\n\t\t\t\t\t\t\t\t\t                    \t\t\t\t\t\t\t\t\t                        <span class=\"connector\" style=\"right: calc(100% - 74px); left: 0;\"><\/span>\n\t\t\t\t\t\t\t\t\t                        <span class=\"connector connector-tablet\" style=\"right: calc(100% - 74px); left: 0;\"><\/span>\n\t\t\t\t\t\t\t\t\t                        <span class=\"connector connector-mobile\" style=\"right: calc(100% - 74px); left: 0;\"><\/span>\n\t\t\t\t\t\t\t\t\t                    \n\n\t\t\t\t\t\t<div class=\"eael-feature-list-icon-box\">\n\t\t\t\t\t\t\t<div class=\"eael-feature-list-icon-inner\">\n\n\t\t\t\t\t\t\t\t<a class=\"eael-feature-list-icon\"href=\"https:\/\/prozessegewinnen.de\/wp-admin\/post.php?post=5437&amp;action=edit\" target=\"_blank\">\n\n\t\t\t\t\t\t\t\t\t<i class=\"fas fa-check\" aria-hidden=\"true\"><\/i>\n\t\t\t\t\t\t\t\t\t\n\t\t\t\t\t\t\t\t<\/a>\n\t\t\t\t\t\t\t<\/div>\n\t\t\t\t\t\t<\/div>\n\n\n\n\t\t\t\t\t\t<div class=\"eael-feature-list-content-box\">\n\t\t\t\t\t\t\t<h3 class=\"eael-feature-list-title\"\t\t\t\t\t\t\t><a href=\"https:\/\/prozessegewinnen.de\/wp-admin\/post.php?post=5437&#038;action=edit\" target=\"_blank\">Rechtsschutzversicherung<\/a><\/h3\t\t\t\t\t\t>\n\t\t\t\t\t\t<p class=\"eael-feature-list-content\">Die Rechtsschutzversicherung ist ein privatrechtliches Versicherungsangebot, bei dem der Versicherer gegen Pr\u00e4mienzahlung die k\u00fcnftige \u00dcbernahme der Kosten die gerichtliche und au\u00dfergerichtliche Rechtsberatung und Vertretung anbietet.<br><br> Die gegenseitigen Rechte und Pflichten sind im Versicherungsvertragsgesetz (VVG) teilweise vorgegeben, bestimmen sich vor allem aber auch nach dem Inhalt des vorgegebenen Vertrags. Hier steckt die T\u00fccke im Detail. In der zahlreichen Vertragsklauseln werden auch viele Kostenrisiken ausgenommen, weshalb es oft genug \u00dcberraschungen gibt, wenn die Versicherung mal in Anspruch genommen wird. <\/p>\n\t\t\t\t\t\t<\/div>\n\n\t\t\t\t\t<\/li>\n\t\t\t\t\t\t\t\t\t\t\t\t\t                <li class=\"eael-feature-list-item\">\n\t\t\t\t\t\t\t\t\t                    \t\t\t\t\t\t\t\t\t                        <span class=\"connector\" style=\"right: calc(100% - 74px); left: 0;\"><\/span>\n\t\t\t\t\t\t\t\t\t                        <span class=\"connector connector-tablet\" style=\"right: calc(100% - 74px); left: 0;\"><\/span>\n\t\t\t\t\t\t\t\t\t                        <span class=\"connector connector-mobile\" style=\"right: calc(100% - 74px); left: 0;\"><\/span>\n\t\t\t\t\t\t\t\t\t                    \n\n\t\t\t\t\t\t<div class=\"eael-feature-list-icon-box\">\n\t\t\t\t\t\t\t<div class=\"eael-feature-list-icon-inner\">\n\n\t\t\t\t\t\t\t\t<a class=\"eael-feature-list-icon\"href=\"https:\/\/prozessegewinnen.de\/wp-admin\/post.php?post=1881&amp;action=edit\" target=\"_blank\">\n\n\t\t\t\t\t\t\t\t\t<i class=\"fas fa-check\" aria-hidden=\"true\"><\/i>\n\t\t\t\t\t\t\t\t\t\n\t\t\t\t\t\t\t\t<\/a>\n\t\t\t\t\t\t\t<\/div>\n\t\t\t\t\t\t<\/div>\n\n\n\n\t\t\t\t\t\t<div class=\"eael-feature-list-content-box\">\n\t\t\t\t\t\t\t<h3 class=\"eael-feature-list-title\"\t\t\t\t\t\t\t><a href=\"https:\/\/prozessegewinnen.de\/wp-admin\/post.php?post=1881&#038;action=edit\" target=\"_blank\">Beratungshilfe<\/a><\/h3\t\t\t\t\t\t>\n\t\t\t\t\t\t<p class=\"eael-feature-list-content\">Beratungshilfe ist gemeinsam mit der Prozesskostenhilfe eine staatliche Unterst\u00fctzungsleistung die sicherstellen soll, dass auch Menschen mit niedrigen Einkommen die notwendige Rechtsberatung und Rechtsvertretung bekommen k\u00f6nnen.<br><br>\nVoraussetzungen f\u00fcr die Gew\u00e4hrung von Beratungshilfe und Prozesskostenhilfe sind zum einen finanzielle H\u00f6chstgrenzen, zum anderen ein sachlich gerechtfertigter Grund daf\u00fcr, dass professionelle Rechtsberatung erforderlich ist.<br><br>\n\u00dcber den Antrag auf Beratungshilfe entscheidet ein Rechtspfleger beim Amtsgericht.\nWird \u00fcber Ihren Antrag positiv entschieden, erhalten Sie einen Berechtigungsschein, mit dem Sie einen Rechtsanwalt eigener Wahl aufsuchen k\u00f6nnen.<\/p>\n\t\t\t\t\t\t<\/div>\n\n\t\t\t\t\t<\/li>\n\t\t\t\t\t\t\t\t\t\t\t\t\t                <li class=\"eael-feature-list-item\">\n\t\t\t\t\t\t\t\t\t                    \t\t\t\t\t\t\t\t\t                        <span class=\"connector\" style=\"right: calc(100% - 74px); left: 0;\"><\/span>\n\t\t\t\t\t\t\t\t\t                        <span class=\"connector connector-tablet\" style=\"right: calc(100% - 74px); left: 0;\"><\/span>\n\t\t\t\t\t\t\t\t\t                        <span class=\"connector connector-mobile\" style=\"right: calc(100% - 74px); left: 0;\"><\/span>\n\t\t\t\t\t\t\t\t\t                    \n\n\t\t\t\t\t\t<div class=\"eael-feature-list-icon-box\">\n\t\t\t\t\t\t\t<div class=\"eael-feature-list-icon-inner\">\n\n\t\t\t\t\t\t\t\t<a class=\"eael-feature-list-icon\"href=\"https:\/\/prozessegewinnen.de\/wp-admin\/post.php?post=1879&amp;action=edit\" target=\"_blank\">\n\n\t\t\t\t\t\t\t\t\t<i class=\"fas fa-check\" aria-hidden=\"true\"><\/i>\n\t\t\t\t\t\t\t\t\t\n\t\t\t\t\t\t\t\t<\/a>\n\t\t\t\t\t\t\t<\/div>\n\t\t\t\t\t\t<\/div>\n\n\n\n\t\t\t\t\t\t<div class=\"eael-feature-list-content-box\">\n\t\t\t\t\t\t\t<h3 class=\"eael-feature-list-title\"\t\t\t\t\t\t\t><a href=\"https:\/\/prozessegewinnen.de\/wp-admin\/post.php?post=1879&#038;action=edit\" target=\"_blank\">Prozesskostenhilfe<\/a><\/h3\t\t\t\t\t\t>\n\t\t\t\t\t\t<p class=\"eael-feature-list-content\">\nProzesskostenhilfe wird auf Antrag demjenigen gew\u00e4hrt, der unterhalb der gesetzlich vorgegebenen H\u00f6chstgrenzen liegt und dessen Prozessziel kein mutwilliges Vorhaben ist. Es muss wenigstens ein Mindestma\u00df an Erfolgsaussichten geben, das Prozessziel auch zu erreichen.<br><br>Bei Gew\u00e4hrung von Prozesskostenhilfe \n\u00fcbernimmt der Staat ganz oder teilweise den eigenen Beitrag zu den Gerichtskosten und die Kosten des eigenen Rechtsanwaltes.\n <\/p>\n\t\t\t\t\t\t<\/div>\n\n\t\t\t\t\t<\/li>\n\t\t\t\t\t\t\t\t\t\t\t\t\t                <li class=\"eael-feature-list-item\">\n\t\t\t\t\t\t\t\t\t                    \t\t\t\t\t\t\t\t\t                        <span class=\"connector\" style=\"right: calc(100% - 74px); left: 0;\"><\/span>\n\t\t\t\t\t\t\t\t\t                        <span class=\"connector connector-tablet\" style=\"right: calc(100% - 74px); left: 0;\"><\/span>\n\t\t\t\t\t\t\t\t\t                        <span class=\"connector connector-mobile\" style=\"right: calc(100% - 74px); left: 0;\"><\/span>\n\t\t\t\t\t\t\t\t\t                    \n\n\t\t\t\t\t\t<div class=\"eael-feature-list-icon-box\">\n\t\t\t\t\t\t\t<div class=\"eael-feature-list-icon-inner\">\n\n\t\t\t\t\t\t\t\t<a class=\"eael-feature-list-icon\"href=\"https:\/\/prozessegewinnen.de\/wp-admin\/post.php?post=1886&amp;action=edit\" target=\"_blank\">\n\n\t\t\t\t\t\t\t\t\t<i class=\"fas fa-check\" aria-hidden=\"true\"><\/i>\n\t\t\t\t\t\t\t\t\t\n\t\t\t\t\t\t\t\t<\/a>\n\t\t\t\t\t\t\t<\/div>\n\t\t\t\t\t\t<\/div>\n\n\n\n\t\t\t\t\t\t<div class=\"eael-feature-list-content-box\">\n\t\t\t\t\t\t\t<h3 class=\"eael-feature-list-title\"\t\t\t\t\t\t\t><a href=\"https:\/\/prozessegewinnen.de\/wp-admin\/post.php?post=1886&#038;action=edit\" target=\"_blank\">Prozessfinanzierung<\/a><\/h3\t\t\t\t\t\t>\n\t\t\t\t\t\t<p class=\"eael-feature-list-content\">Prozessfinanzierung wird von verschiedenen Unternehmen angeboten. Der Deal ist die \u00dcbernahme aller Prozessrisiken durch diese Unternehmen gegen eine Erfolgsbeteiligung.\n\nSie gibt die Chance, auch dann ein gerichtliches Verfahren durchzuf\u00fchren, wenn von irgendwo her sonst eine Kostendeckung zu erreichen ist. Dies ist allerdings auch mit einigen Kosten verbunden.<\/p>\n\t\t\t\t\t\t<\/div>\n\n\t\t\t\t\t<\/li>\n\t\t\t\t\t\t\t<\/ul>\n\t\t<\/div>\n\t\t\t\t<\/div>\n\t\t\t\t<\/div>\n\t\t\t\t\t\t<\/div>\n\t\t\t\t\t<\/div>\n\t\t<\/div>\n\t\t\t\t\t\t\t\t<\/div>\n\t\t\t\t\t<\/div>\n\t\t<\/section>\n\t\t\t\t\t\t<\/div>\n\t\t\t\t\t\t<\/div>\n\t\t\t\t\t<\/div>\n\t\t","protected":false},"excerpt":{"rendered":"<p>Kosten zu hoch? Was jetzt? Prozesskostenrisiko senken! Wohl dem, der jemand hat oder findet, der ihm das Kostenrisiko der rechtlichen Beratung und Vertretung und des gerichtlichen Verfahrens abnimmt.\u00a0Auch wer noch so sicher ist, rechtlichen Erfolg zu haben, wird immer mit einem Restrisiko leben m\u00fcssen, dass am Ende der bereits erstandene Schaden durch vergeblich aufgewendete Kosten&hellip;&nbsp;<a href=\"https:\/\/prozessegewinnen.de\/?page_id=1461\" class=\"\" rel=\"bookmark\">Weiterlesen &raquo;<span class=\"screen-reader-text\">Kostenhilfe<\/span><\/a><\/p>\n","protected":false},"author":1,"featured_media":0,"parent":1457,"menu_order":2,"comment_status":"closed","ping_status":"closed","template":"page-templates\/template-pagebuilder-full-width.php","meta":{"neve_meta_sidebar":"","neve_meta_container":"","neve_meta_enable_content_width":"off","neve_meta_content_width":0,"neve_meta_title_alignment":"","neve_meta_author_avatar":"","neve_post_elements_order":"","neve_meta_disable_header":"","neve_meta_disable_footer":"","neve_meta_disable_title":"","_themeisle_gutenberg_block_has_review":false,"footnotes":""},"class_list":["post-1461","page","type-page","status-publish","hentry"],"aioseo_notices":[],"_links":{"self":[{"href":"https:\/\/prozessegewinnen.de\/index.php?rest_route=\/wp\/v2\/pages\/1461","targetHints":{"allow":["GET"]}}],"collection":[{"href":"https:\/\/prozessegewinnen.de\/index.php?rest_route=\/wp\/v2\/pages"}],"about":[{"href":"https:\/\/prozessegewinnen.de\/index.php?rest_route=\/wp\/v2\/types\/page"}],"author":[{"embeddable":true,"href":"https:\/\/prozessegewinnen.de\/index.php?rest_route=\/wp\/v2\/users\/1"}],"replies":[{"embeddable":true,"href":"https:\/\/prozessegewinnen.de\/index.php?rest_route=%2Fwp%2Fv2%2Fcomments&post=1461"}],"version-history":[{"count":21,"href":"https:\/\/prozessegewinnen.de\/index.php?rest_route=\/wp\/v2\/pages\/1461\/revisions"}],"predecessor-version":[{"id":6044,"href":"https:\/\/prozessegewinnen.de\/index.php?rest_route=\/wp\/v2\/pages\/1461\/revisions\/6044"}],"up":[{"embeddable":true,"href":"https:\/\/prozessegewinnen.de\/index.php?rest_route=\/wp\/v2\/pages\/1457"}],"wp:attachment":[{"href":"https:\/\/prozessegewinnen.de\/index.php?rest_route=%2Fwp%2Fv2%2Fmedia&parent=1461"}],"curies":[{"name":"wp","href":"https:\/\/api.w.org\/{rel}","templated":true}]}}