{"id":1801,"date":"2020-05-22T18:29:53","date_gmt":"2020-05-22T16:29:53","guid":{"rendered":"https:\/\/prozessegewinnen.de\/?page_id=1801"},"modified":"2020-10-16T22:26:25","modified_gmt":"2020-10-16T20:26:25","slug":"die-kosten-des-gerichtlichen-verfahrens","status":"publish","type":"page","link":"https:\/\/prozessegewinnen.de\/?page_id=1801","title":{"rendered":"Gerichtskosten"},"content":{"rendered":"\t\t<div data-elementor-type=\"wp-page\" data-elementor-id=\"1801\" class=\"elementor elementor-1801\" data-elementor-settings=\"[]\">\n\t\t\t\t\t\t<div class=\"elementor-inner\">\n\t\t\t\t\t\t\t<div class=\"elementor-section-wrap\">\n\t\t\t\t\t\t\t<section data-particle_enable=\"false\" data-particle-mobile-disabled=\"false\" class=\"elementor-section elementor-top-section elementor-element elementor-element-858c108 elementor-section-boxed elementor-section-height-default elementor-section-height-default\" data-id=\"858c108\" data-element_type=\"section\" data-settings=\"{&quot;background_background&quot;:&quot;classic&quot;}\">\n\t\t\t\t\t\t\t<div class=\"elementor-background-overlay\"><\/div>\n\t\t\t\t\t\t\t<div class=\"elementor-container elementor-column-gap-default\">\n\t\t\t\t\t\t\t<div class=\"elementor-row\">\n\t\t\t\t\t<div class=\"elementor-column elementor-col-100 elementor-top-column elementor-element elementor-element-5c72fad\" data-id=\"5c72fad\" data-element_type=\"column\">\n\t\t\t<div class=\"elementor-column-wrap elementor-element-populated\">\n\t\t\t\t\t\t\t<div class=\"elementor-widget-wrap\">\n\t\t\t\t\t\t<div class=\"elementor-element elementor-element-4528fd3 elementor-widget__width-auto elementor-widget elementor-widget-heading\" data-id=\"4528fd3\" data-element_type=\"widget\" data-widget_type=\"heading.default\">\n\t\t\t\t<div class=\"elementor-widget-container\">\n\t\t\t<h3 class=\"elementor-heading-title elementor-size-default\">GERICHTSKOSTEN<\/h3>\t\t<\/div>\n\t\t\t\t<\/div>\n\t\t\t\t<div class=\"elementor-element elementor-element-5a45de8 elementor-widget elementor-widget-text-editor\" data-id=\"5a45de8\" data-element_type=\"widget\" data-widget_type=\"text-editor.default\">\n\t\t\t\t<div class=\"elementor-widget-container\">\n\t\t\t\t\t<div class=\"elementor-text-editor elementor-clearfix\"><p>Prozessieren ist nicht umsonst &#8211; Ein \u00dcberblick<\/p><\/div>\n\t\t\t\t<\/div>\n\t\t\t\t<\/div>\n\t\t\t\t\t\t<\/div>\n\t\t\t\t\t<\/div>\n\t\t<\/div>\n\t\t\t\t\t\t\t\t<\/div>\n\t\t\t\t\t<\/div>\n\t\t<\/section>\n\t\t\t\t<section data-particle_enable=\"false\" data-particle-mobile-disabled=\"false\" class=\"elementor-section elementor-top-section elementor-element elementor-element-74fbc61 elementor-section-boxed elementor-section-height-default elementor-section-height-default\" data-id=\"74fbc61\" data-element_type=\"section\">\n\t\t\t\t\t\t<div class=\"elementor-container elementor-column-gap-default\">\n\t\t\t\t\t\t\t<div class=\"elementor-row\">\n\t\t\t\t\t<div class=\"elementor-column elementor-col-100 elementor-top-column elementor-element elementor-element-2d8f0cf elementor-hidden-phone\" data-id=\"2d8f0cf\" data-element_type=\"column\">\n\t\t\t<div class=\"elementor-column-wrap elementor-element-populated\">\n\t\t\t\t\t\t\t<div class=\"elementor-widget-wrap\">\n\t\t\t\t\t\t<div class=\"elementor-element elementor-element-f1b9955 elementor-widget__width-auto elementor-widget elementor-widget-image\" data-id=\"f1b9955\" data-element_type=\"widget\" data-widget_type=\"image.default\">\n\t\t\t\t<div class=\"elementor-widget-container\">\n\t\t\t\t\t<div class=\"elementor-image\">\n\t\t\t\t\t\t\t\t\t\t<img decoding=\"async\" src=\"https:\/\/prozessegewinnen.de\/wp-content\/uploads\/elementor\/thumbs\/Logo-3.0-PNG-nur-paragraph-100-PX-H\u00f6he-ooj409n47vg4vtudq37ek0p83tf02bdp2oa3ggyaow.png\" title=\"Logo 3.0 PNG nur paragraph 100 PX H\u00f6he\" alt=\"Logo 3.0 PNG nur paragraph 100 PX H\u00f6he\" \/>\t\t\t\t\t\t\t\t\t\t\t<\/div>\n\t\t\t\t<\/div>\n\t\t\t\t<\/div>\n\t\t\t\t\t\t<\/div>\n\t\t\t\t\t<\/div>\n\t\t<\/div>\n\t\t\t\t\t\t\t\t<\/div>\n\t\t\t\t\t<\/div>\n\t\t<\/section>\n\t\t\t\t<section data-particle_enable=\"false\" data-particle-mobile-disabled=\"false\" class=\"elementor-section elementor-top-section elementor-element elementor-element-85ad5ba elementor-section-boxed elementor-section-height-default elementor-section-height-default\" data-id=\"85ad5ba\" data-element_type=\"section\" data-settings=\"{&quot;background_background&quot;:&quot;classic&quot;}\">\n\t\t\t\t\t\t\t<div class=\"elementor-background-overlay\"><\/div>\n\t\t\t\t\t\t\t<div class=\"elementor-container elementor-column-gap-default\">\n\t\t\t\t\t\t\t<div class=\"elementor-row\">\n\t\t\t\t\t<div class=\"elementor-column elementor-col-100 elementor-top-column elementor-element elementor-element-8c75d25\" data-id=\"8c75d25\" data-element_type=\"column\">\n\t\t\t<div class=\"elementor-column-wrap elementor-element-populated\">\n\t\t\t\t\t\t\t<div class=\"elementor-widget-wrap\">\n\t\t\t\t\t\t<div class=\"elementor-element elementor-element-e2aa45d elementor-widget-divider--view-line_text elementor-widget-divider--element-align-center elementor-widget elementor-widget-divider\" data-id=\"e2aa45d\" data-element_type=\"widget\" data-widget_type=\"divider.default\">\n\t\t\t\t<div class=\"elementor-widget-container\">\n\t\t\t\t\t<div class=\"elementor-divider\">\n\t\t\t<span class=\"elementor-divider-separator\">\n\t\t\t\t\t\t\t<span class=\"elementor-divider__text elementor-divider__element\">Das Recht hat seinen Preis<\/span>\n\t\t\t\t\t\t<\/span>\n\t\t<\/div>\n\t\t\t\t<\/div>\n\t\t\t\t<\/div>\n\t\t\t\t<div class=\"elementor-element elementor-element-05fb7cd elementor-widget elementor-widget-heading\" data-id=\"05fb7cd\" data-element_type=\"widget\" data-widget_type=\"heading.default\">\n\t\t\t\t<div class=\"elementor-widget-container\">\n\t\t\t<h3 class=\"elementor-heading-title elementor-size-default\">Was kostet das gerichtliche Verfahren?<\/h3>\t\t<\/div>\n\t\t\t\t<\/div>\n\t\t\t\t<div class=\"elementor-element elementor-element-226e5b8 elementor-widget elementor-widget-spacer\" data-id=\"226e5b8\" data-element_type=\"widget\" data-widget_type=\"spacer.default\">\n\t\t\t\t<div class=\"elementor-widget-container\">\n\t\t\t\t\t<div class=\"elementor-spacer\">\n\t\t\t<div class=\"elementor-spacer-inner\"><\/div>\n\t\t<\/div>\n\t\t\t\t<\/div>\n\t\t\t\t<\/div>\n\t\t\t\t<div class=\"elementor-element elementor-element-a1548f7 elementor-widget elementor-widget-text-editor\" data-id=\"a1548f7\" data-element_type=\"widget\" data-widget_type=\"text-editor.default\">\n\t\t\t\t<div class=\"elementor-widget-container\">\n\t\t\t\t\t<div class=\"elementor-text-editor elementor-clearfix\"><p>Zivilprozesse k\u00f6nnen teuer werden. Wird\u00a0<span style=\"letter-spacing: 0.3px;\">zum Beispiel<\/span><span style=\"letter-spacing: 0.3px;\">\u00a0<\/span><span style=\"letter-spacing: 0.3px;\">eine Zahlungsklage \u00fcber 5000 Euro eingereicht und das Verfahren bis in die zweite Instanz (Berufung)gef\u00fchrt, entstehen zum Beispiel <b>Prozesskosten <\/b>in H\u00f6he von insgesamt ca. 5000 \u20ac. Diese setzen sich zusammen aus anteiligen\u00a0<b>Gerichtsgeb\u00fchren<\/b>\u00a0in H\u00f6he von ca. 1000 \u20ac und anwaltlichen Kosten bei anwaltschaftlicher Vertretung beider Parteien in H\u00f6he von ca. 4000 \u20ac.<\/span><\/p><p><span style=\"letter-spacing: 0.3px;\">Nicht eingerechnet sind besondere <b>Auslagen des Gerichts<\/b> wie zum Beispiel die Kosten einer Zeugenvernehmung oder die Einholung eines Sachverst\u00e4ndigengutachtens. Diese werden den Parteien zus\u00e4tzlich zu den Gerichtsgeb\u00fchren in Rechnung gestellt.<\/span><\/p><p>Am Ende des Prozesses sind die bei Gericht aufgelaufenen Kosten sowie die Kosten aller am Prozess beteiligten Rechtsanw\u00e4lte zu verteilen. Das wird f\u00fcr die unterlegene Partei teuer.<\/p><\/div>\n\t\t\t\t<\/div>\n\t\t\t\t<\/div>\n\t\t\t\t<div class=\"elementor-element elementor-element-b4ceaa2 elementor-widget elementor-widget-heading\" data-id=\"b4ceaa2\" data-element_type=\"widget\" data-widget_type=\"heading.default\">\n\t\t\t\t<div class=\"elementor-widget-container\">\n\t\t\t<h4 class=\"elementor-heading-title elementor-size-default\">Gerichtsgeb\u00fchren<\/h4>\t\t<\/div>\n\t\t\t\t<\/div>\n\t\t\t\t<div class=\"elementor-element elementor-element-75186c7 elementor-widget elementor-widget-text-editor\" data-id=\"75186c7\" data-element_type=\"widget\" data-widget_type=\"text-editor.default\">\n\t\t\t\t<div class=\"elementor-widget-container\">\n\t\t\t\t\t<div class=\"elementor-text-editor elementor-clearfix\"><p><span class=\"ILfuVd NA6bn\"><span class=\"hgKElc\">Die Gerichtsgeb\u00fchren, die das Gericht in Zivilgerichtsverfahren erhebt, richten sich nach dem Streitwert des Verfahrens.<\/span><\/span><\/p><p><span style=\"letter-spacing: 0.3px;\">Sie fallen erstmalig an, wenn das Gericht t\u00e4tig wird. Das Gericht setzt zu Beginn des Verfahrens einen vorl\u00e4ufigen Streitwert fest und bestimmt am Ende des Verfahrens die abschlie\u00dfende H\u00f6he des Streitwerts. Parteien, aber auch Anw\u00e4lte haben die M\u00f6glichkeit, gegen die Bestimmung des Streitwerts Beschwerde einzulegen und eine nochmalige \u00dcberpr\u00fcfung einzufordern. Die Bestimmung des Gerichts ist deswegen wichtig, weil der Streitwert als Gegenstandswert zugleich auch f\u00fcr die Berechnung der Anwaltsgeb\u00fchren ma\u00dfgeblich ist.<\/span><\/p><p><span style=\"letter-spacing: 0.3px;\">Die Partei, die eine Klage einreicht muss die voraussichtlichen Gerichtsgeb\u00fchren in Form eines Kostenvorschusses ein bezahlen. Am Ende des Prozesses erfolgt eine Verrechnung mit den Kosten, die die klagende Partei tats\u00e4chlich zu tragen hat.\u00a0<\/span><\/p><p><span style=\"letter-spacing: 0.3px;\">Die entscheidende Gr\u00f6\u00dfe f\u00fcr die H\u00f6he der Geb\u00fchren Ist der Streitwert.\u00a0<\/span><span style=\"letter-spacing: 0.3px;\">Dieser entspricht dem wirtschaftlichen Wert des Gerichtsverfahrens aus Sicht der Parteien, insbesondere dem Interesse der klagenden Partei. Bei Zahlungsklagen ist dies zugleich die H\u00f6he der Forderung, die mit der Klage geltend gemacht wird. Bei sonstigen Verfahren ist der wirtschaftliche Wert f\u00fcr die Parteien zu sch\u00e4tzen.<\/span><\/p><\/div>\n\t\t\t\t<\/div>\n\t\t\t\t<\/div>\n\t\t\t\t<div class=\"elementor-element elementor-element-f6d0213 elementor-widget elementor-widget-heading\" data-id=\"f6d0213\" data-element_type=\"widget\" data-widget_type=\"heading.default\">\n\t\t\t\t<div class=\"elementor-widget-container\">\n\t\t\t<h4 class=\"elementor-heading-title elementor-size-default\">Auslagen des Gerichts<\/h4>\t\t<\/div>\n\t\t\t\t<\/div>\n\t\t\t\t<div class=\"elementor-element elementor-element-ae9d2fa elementor-widget elementor-widget-text-editor\" data-id=\"ae9d2fa\" data-element_type=\"widget\" data-widget_type=\"text-editor.default\">\n\t\t\t\t<div class=\"elementor-widget-container\">\n\t\t\t\t\t<div class=\"elementor-text-editor elementor-clearfix\"><p>Das Gericht stellt den Parteien auch alle Aufwendungen (au\u00dfer eigene Personal- und Verwaltungskosten) in Rechnung, die im Laufe des gerichtlichen Verfahrens entstehen. Das sind Entsch\u00e4digungen f\u00fcr Zeugen, Sachverst\u00e4ndige, Dolmetscher usw. , Dokumentenpauschalen &#8230;<\/p><p>Diese Kosten sind nach tats\u00e4chlichem Aufwand zu erstatten und nicht vom Streitwert abh\u00e4ngig. D. h., dass in Verfahren mit niedrigen Gerichtsgeb\u00fchren und umfangreichem Beweisverfahren die Auslagen des Gerichts h\u00f6her sein k\u00f6nnen, als die Geb\u00fchren selbst.<\/p><\/div>\n\t\t\t\t<\/div>\n\t\t\t\t<\/div>\n\t\t\t\t\t\t<\/div>\n\t\t\t\t\t<\/div>\n\t\t<\/div>\n\t\t\t\t\t\t\t\t<\/div>\n\t\t\t\t\t<\/div>\n\t\t<\/section>\n\t\t\t\t<section data-particle_enable=\"false\" data-particle-mobile-disabled=\"false\" class=\"elementor-section elementor-top-section elementor-element elementor-element-574fd35 elementor-section-boxed elementor-section-height-default elementor-section-height-default\" data-id=\"574fd35\" data-element_type=\"section\" data-settings=\"{&quot;background_background&quot;:&quot;classic&quot;}\">\n\t\t\t\t\t\t\t<div class=\"elementor-background-overlay\"><\/div>\n\t\t\t\t\t\t\t<div class=\"elementor-container elementor-column-gap-default\">\n\t\t\t\t\t\t\t<div class=\"elementor-row\">\n\t\t\t\t\t<div class=\"elementor-column elementor-col-100 elementor-top-column elementor-element elementor-element-a99b24c\" data-id=\"a99b24c\" data-element_type=\"column\">\n\t\t\t<div class=\"elementor-column-wrap elementor-element-populated\">\n\t\t\t\t\t\t\t<div class=\"elementor-widget-wrap\">\n\t\t\t\t\t\t<div class=\"elementor-element elementor-element-409ee56 elementor-widget elementor-widget-text-editor\" data-id=\"409ee56\" data-element_type=\"widget\" data-widget_type=\"text-editor.default\">\n\t\t\t\t<div class=\"elementor-widget-container\">\n\t\t\t\t\t<div class=\"elementor-text-editor elementor-clearfix\"><p>Es kann teuer werden<\/p><\/div>\n\t\t\t\t<\/div>\n\t\t\t\t<\/div>\n\t\t\t\t<div class=\"elementor-element elementor-element-309cba6 elementor-widget elementor-widget-heading\" data-id=\"309cba6\" data-element_type=\"widget\" data-widget_type=\"heading.default\">\n\t\t\t\t<div class=\"elementor-widget-container\">\n\t\t\t<h3 class=\"elementor-heading-title elementor-size-default\">Wer tr\u00e4gt die Kosten?<\/h3>\t\t<\/div>\n\t\t\t\t<\/div>\n\t\t\t\t<div class=\"elementor-element elementor-element-be3d415 elementor-widget elementor-widget-spacer\" data-id=\"be3d415\" data-element_type=\"widget\" data-widget_type=\"spacer.default\">\n\t\t\t\t<div class=\"elementor-widget-container\">\n\t\t\t\t\t<div class=\"elementor-spacer\">\n\t\t\t<div class=\"elementor-spacer-inner\"><\/div>\n\t\t<\/div>\n\t\t\t\t<\/div>\n\t\t\t\t<\/div>\n\t\t\t\t<div class=\"elementor-element elementor-element-7209518 elementor-widget elementor-widget-text-editor\" data-id=\"7209518\" data-element_type=\"widget\" data-widget_type=\"text-editor.default\">\n\t\t\t\t<div class=\"elementor-widget-container\">\n\t\t\t\t\t<div class=\"elementor-text-editor elementor-clearfix\"><p>Wenn das gerichtliche Verfahren durch Urteil beendet wird, entscheidet das Gericht in seinem Urteil auch \u00fcber die Kostentragung. Das geht in aller Regel nach dem Grundsatz: Wer verliert, der zahlt! Und wenn wie so oft, beide Parteien teilweise gewinnen und verlieren setzt das Gericht eine Kostenquote fest, die nach dem Verh\u00e4ltnis des Gewinnens bzw. Verlierens bestimmt wird.<\/p><p>Das macht sofort deutlich, wie wichtig eine<b> k<\/b><span style=\"letter-spacing: 0.3px;\"><b>ostenbewusste und faire anwaltliche Beratung <\/b>auch \u00fcber das Prozessrisiko ist. Das setzt nat\u00fcrlich auch\u00a0<\/span><span style=\"letter-spacing: 0.3px;\">besondere Kenntnisse und Erfahrungen des Anwalts im Prozessrecht voraus. Nur dann kann dem Mandanten eine treffsichere Prognose \u00fcber die Erfolgschancen und -risiken aufgezeigt werden.\u00a0<\/span><\/p><p><span style=\"letter-spacing: 0.3px;\">Nat\u00fcrlich kann kein Rechtsanwalt garantieren, dass seine Prognose auch zutreffend sein wird. Das darf aber nicht dazu f\u00fchren, dass auf solche Prognosen grunds\u00e4tzlich verzichtet wird und der Mandant leichtfertig zu risikoreichen Klagen verleitet wird.<\/span><\/p><\/div>\n\t\t\t\t<\/div>\n\t\t\t\t<\/div>\n\t\t\t\t<div class=\"elementor-element elementor-element-062efb7 elementor-widget elementor-widget-text-editor\" data-id=\"062efb7\" data-element_type=\"widget\" data-widget_type=\"text-editor.default\">\n\t\t\t\t<div class=\"elementor-widget-container\">\n\t\t\t\t\t<div class=\"elementor-text-editor elementor-clearfix\"><p>Kostenbewusste und Faire Beratung<\/p><\/div>\n\t\t\t\t<\/div>\n\t\t\t\t<\/div>\n\t\t\t\t<div class=\"elementor-element elementor-element-3862fc1 elementor-widget elementor-widget-heading\" data-id=\"3862fc1\" data-element_type=\"widget\" data-widget_type=\"heading.default\">\n\t\t\t\t<div class=\"elementor-widget-container\">\n\t\t\t<h4 class=\"elementor-heading-title elementor-size-default\">STREITWERT<\/h4>\t\t<\/div>\n\t\t\t\t<\/div>\n\t\t\t\t<div class=\"elementor-element elementor-element-f541459 elementor-widget elementor-widget-text-editor\" data-id=\"f541459\" data-element_type=\"widget\" data-widget_type=\"text-editor.default\">\n\t\t\t\t<div class=\"elementor-widget-container\">\n\t\t\t\t\t<div class=\"elementor-text-editor elementor-clearfix\"><p><em>Mit Einreichung der Klage bestimmt der Kl\u00e4ger durch seine Antr\u00e4ge auch die sp\u00e4tere H\u00f6he des Streitwerts. Je h\u00f6her die Antr\u00e4ge, umso h\u00f6her die sp\u00e4teren Gerichtskosten aber auch die Anwaltskosten.<\/em><\/p><p>Eine kostenbewusste und faire Beratung setzt daher eine kluge \u00dcberlegung voraus<span style=\"letter-spacing: 0.3px;\">, was eingefordert wird und welche Antr\u00e4ge konkret gestellt werden. Der Mandant sieht es nat\u00fcrlich zun\u00e4chst sehr gerne, wenn m\u00f6glichst viel eingefordert wird. Das ist aber nicht der Ma\u00dfstab einer ehrlichen Beratung. Diese setzt voraus, dass er aufgekl\u00e4rt wird, dass mit zunehmender H\u00f6he der Forderung auch das Prozessrisiko steigen kann und bei teilweiser Klageabweisung dann auch mit einer anteiligen Kostentragung zu rechnen ist. Wenn der Mandant das erh\u00f6hte Risiko eingehen will, dann ist das nat\u00fcrlich vom Anwalt auch umzusetzen.<\/span><\/p><\/div>\n\t\t\t\t<\/div>\n\t\t\t\t<\/div>\n\t\t\t\t<div class=\"elementor-element elementor-element-456ded2 elementor-widget elementor-widget-text-editor\" data-id=\"456ded2\" data-element_type=\"widget\" data-widget_type=\"text-editor.default\">\n\t\t\t\t<div class=\"elementor-widget-container\">\n\t\t\t\t\t<div class=\"elementor-text-editor elementor-clearfix\"><p><img loading=\"lazy\" decoding=\"async\" class=\"wp-image-3364 alignleft\" src=\"https:\/\/prozessegewinnen.de\/wp-content\/uploads\/2020\/06\/L\u00f6sung-e1593459408100.png\" alt=\"\" width=\"92\" height=\"201\" srcset=\"https:\/\/prozessegewinnen.de\/wp-content\/uploads\/2020\/06\/L\u00f6sung-e1593459408100.png 290w, https:\/\/prozessegewinnen.de\/wp-content\/uploads\/2020\/06\/L\u00f6sung-e1593459408100-137x300.png 137w\" sizes=\"auto, (max-width: 92px) 100vw, 92px\" \/><b><br \/><\/b><\/p><p><b>Ein Beispiel:<\/b><\/p><p><span style=\"letter-spacing: 0.3px;\">M\u00f6chte der Mandant zum Beispiel Schmerzensgeld beantragen, so kann er seine Forderung der H\u00f6he nach frei bestimmen. Er freut sich dann zun\u00e4chst mehr, wenn der Anwalt zum Beispiel 10.000 statt 1000 \u20ac einfordert. Sind tats\u00e4chlich nur 1000 \u20ac angemessen und wird dies vom Richter auch so entschieden, tr\u00e4gt der Mandant 9\/10 der Kosten von Gericht und 2 Anw\u00e4lten aus Geb\u00fchren in H\u00f6he von 10.000 \u20ac. W\u00e4ren nur 1000 \u20ac eingeklagt worden, h\u00e4tte der Mandant voll obsiegt und keinerlei Kosten zu tragen gehabt.<\/span><\/p><p><b>Achten Sie daher darauf<\/b>, dass keine \u00fcberzogenen Antr\u00e4ge gestellt werden und Sie von einem Anwalt beraten werden, der auch \u00fcber die Kompetenz verf\u00fcgt, Sie sachgerecht \u00fcber eine realistische Einsch\u00e4tzung ihrer Forderung zu beraten.<\/p><\/div>\n\t\t\t\t<\/div>\n\t\t\t\t<\/div>\n\t\t\t\t<div class=\"elementor-element elementor-element-2772c5d elementor-widget elementor-widget-text-editor\" data-id=\"2772c5d\" data-element_type=\"widget\" data-widget_type=\"text-editor.default\">\n\t\t\t\t<div class=\"elementor-widget-container\">\n\t\t\t\t\t<div class=\"elementor-text-editor elementor-clearfix\"><p>Kostenbewusste und Faire Beratung<\/p><\/div>\n\t\t\t\t<\/div>\n\t\t\t\t<\/div>\n\t\t\t\t<div class=\"elementor-element elementor-element-e437e26 elementor-widget elementor-widget-heading\" data-id=\"e437e26\" data-element_type=\"widget\" data-widget_type=\"heading.default\">\n\t\t\t\t<div class=\"elementor-widget-container\">\n\t\t\t<h4 class=\"elementor-heading-title elementor-size-default\">Strategische Prozessf\u00fchrung<\/h4>\t\t<\/div>\n\t\t\t\t<\/div>\n\t\t\t\t<div class=\"elementor-element elementor-element-7201a36 elementor-widget elementor-widget-text-editor\" data-id=\"7201a36\" data-element_type=\"widget\" data-widget_type=\"text-editor.default\">\n\t\t\t\t<div class=\"elementor-widget-container\">\n\t\t\t\t\t<div class=\"elementor-text-editor elementor-clearfix\"><p><b>Kostensparen durch strategische Prozessf\u00fchrung!<\/b><\/p>\n<p>Zur <a href=\"https:\/\/prozessegewinnen.de\/wp-admin\/post.php?post=2282&amp;action=edit\" target=\"_blank\" rel=\"noopener\">Kunst der Prozessf\u00fchrung<\/a> z\u00e4hlt auch die F\u00e4higkeit, vermeidbare Prozesse nicht f\u00fchren zu m\u00fcssen. Wer schon im vorgerichtlichen Verfahren als Anwalt \u00fcberzeugend auftritt und die Angelegenheit zu einem Ergebnis bringt, reduziert das Prozesskostenrisiko f\u00fcr seinen Mandanten auf Null.&nbsp;<\/p>\n<p>Ist der Prozess nicht vermeidbar, ist daf\u00fcr zu sorgen, dass der eigene Mandant m\u00f6glichst wenige Verfahrenskosten, am besten gar keine Kosten zu tragen hat. Das ist zun\u00e4chst durch geschickte Antragstellungen (siehe oben Streitwertfestlegung) umzusetzen. Dar\u00fcber hinaus lassen sich auch im laufenden Verfahren Kosten vermeiden.&nbsp;<\/p>\n<p>Kostenverursacher sind h\u00e4ufig&nbsp;<span style=\"letter-spacing: 0.3px;\">breitgestreute Beweisantr\u00e4ge mit einer unn\u00f6tigen Zahl an Zeugen oder \u00fcberfl\u00fcssigen Gutachtensantr\u00e4gen. Das alles kostet und bringt am Ende vielleicht doch keine Vorteile f\u00fcr den Mandanten. Eine pr\u00e4zise Herausarbeitung der Rechtslage erm\u00f6glicht auch eine pr\u00e4zise Beschr\u00e4nkung der Beweisantr\u00e4ge auf die entscheidenden Punkte. Das ist wesentlich effizienter und erfolgversprechender, als mit der Schrotflinte zu agieren und zu hoffen, dass die Beweisaufnahme einen Zufallstreffer ergeben wird.&nbsp;<\/span><\/p>\n<p><span style=\"letter-spacing: 0.3px;\">F\u00fcr den Anwalt ist das nat\u00fcrlich eine manchmal aufw\u00e4ndige und verantwortungsvolle Angelegenheit. Pr\u00e4zise und auf das notwendige beschr\u00e4nkte Beweisantr\u00e4ge werden aber von allen Richtern gesch\u00e4tzt.&nbsp; Und das ist f\u00fcr den eigenen Mandanten jedenfalls nicht zum Nachteil.&nbsp;<\/span><\/p><\/div>\n\t\t\t\t<\/div>\n\t\t\t\t<\/div>\n\t\t\t\t\t\t<\/div>\n\t\t\t\t\t<\/div>\n\t\t<\/div>\n\t\t\t\t\t\t\t\t<\/div>\n\t\t\t\t\t<\/div>\n\t\t<\/section>\n\t\t\t\t\t\t<\/div>\n\t\t\t\t\t\t<\/div>\n\t\t\t\t\t<\/div>\n\t\t","protected":false},"excerpt":{"rendered":"<p>GERICHTSKOSTEN Prozessieren ist nicht umsonst &#8211; Ein \u00dcberblick Das Recht hat seinen Preis Was kostet das gerichtliche Verfahren? Zivilprozesse k\u00f6nnen teuer werden. Wird\u00a0zum Beispiel\u00a0eine Zahlungsklage \u00fcber 5000 Euro eingereicht und das Verfahren bis in die zweite Instanz (Berufung)gef\u00fchrt, entstehen zum Beispiel Prozesskosten in H\u00f6he von insgesamt ca. 5000 \u20ac. Diese setzen sich zusammen aus anteiligen\u00a0Gerichtsgeb\u00fchren\u00a0in&hellip;&nbsp;<a href=\"https:\/\/prozessegewinnen.de\/?page_id=1801\" class=\"\" rel=\"bookmark\">Weiterlesen &raquo;<span class=\"screen-reader-text\">Gerichtskosten<\/span><\/a><\/p>\n","protected":false},"author":1,"featured_media":0,"parent":1457,"menu_order":1,"comment_status":"closed","ping_status":"closed","template":"page-templates\/template-pagebuilder-full-width.php","meta":{"neve_meta_sidebar":"","neve_meta_container":"","neve_meta_enable_content_width":"off","neve_meta_content_width":0,"neve_meta_title_alignment":"","neve_meta_author_avatar":"","neve_post_elements_order":"","neve_meta_disable_header":"","neve_meta_disable_footer":"","neve_meta_disable_title":"on","_themeisle_gutenberg_block_has_review":false,"footnotes":""},"class_list":["post-1801","page","type-page","status-publish","hentry"],"aioseo_notices":[],"_links":{"self":[{"href":"https:\/\/prozessegewinnen.de\/index.php?rest_route=\/wp\/v2\/pages\/1801","targetHints":{"allow":["GET"]}}],"collection":[{"href":"https:\/\/prozessegewinnen.de\/index.php?rest_route=\/wp\/v2\/pages"}],"about":[{"href":"https:\/\/prozessegewinnen.de\/index.php?rest_route=\/wp\/v2\/types\/page"}],"author":[{"embeddable":true,"href":"https:\/\/prozessegewinnen.de\/index.php?rest_route=\/wp\/v2\/users\/1"}],"replies":[{"embeddable":true,"href":"https:\/\/prozessegewinnen.de\/index.php?rest_route=%2Fwp%2Fv2%2Fcomments&post=1801"}],"version-history":[{"count":26,"href":"https:\/\/prozessegewinnen.de\/index.php?rest_route=\/wp\/v2\/pages\/1801\/revisions"}],"predecessor-version":[{"id":6032,"href":"https:\/\/prozessegewinnen.de\/index.php?rest_route=\/wp\/v2\/pages\/1801\/revisions\/6032"}],"up":[{"embeddable":true,"href":"https:\/\/prozessegewinnen.de\/index.php?rest_route=\/wp\/v2\/pages\/1457"}],"wp:attachment":[{"href":"https:\/\/prozessegewinnen.de\/index.php?rest_route=%2Fwp%2Fv2%2Fmedia&parent=1801"}],"curies":[{"name":"wp","href":"https:\/\/api.w.org\/{rel}","templated":true}]}}